Let l(t) = -t**2 - 3*t - 2. Let c be l(-1). Let r = -2 - -23. What is the remainder when r is divided by g(c)?
9
Let h(l) = l**2 + 11*l + 4. Let f be h(-13). What is the remainder when 16 is divided by ((-140)/f)/((-1)/3) + -2?
4
Suppose -3*g - 4*g + 21 = 0. Calculate the remainder when 14 is divided by -2*5*g/(-6).
4
Let i(j) = -12 + 15 - 1 - 2*j + 12*j. What is the remainder when i(2) is divided by 5?
2
Suppose 5*l + 150 = 8*l. Suppose 0 = -5*z + 10*z - l. What is the remainder when 13 is divided by z?
3
Let x(n) = -2*n**2 + 31*n + 6. What is the remainder when 109 is divided by x(14)?
13
Let k = -1 + -34. Calculate the remainder when 6/21 - 1145/k is divided by (-2)/(-4)*2*17.
16
Suppose -2*o = -3 - 7. Suppose -4*m + o = 45. What is the remainder when 42 is divided by (-540)/(-25) - 4/m?
20
Suppose 7*u - 5*u - 106 = 0. Let n = -48 + u. Calculate the remainder when 37 is divided by n.
2
Let w(v) = -v**3 - 12*v**2 - 11*v + 3. Let c be w(-11). Suppose 0 + 42 = c*z. What is the remainder when 69 is divided by z?
13
Let g(j) = 3*j - 2. Let l be g(1). Calculate the remainder when 76 is divided by (2/(-4) - 301/(-14))/l.
13
Let s(q) = q**3 + 2*q**2 - 4*q - 7. Let v be s(7). Suppose 0 = 9*h - 2*h - v. Calculate the remainder when h is divided by 20.
18
Let y be (-7)/(-10)*-2*(-13 + 8). Calculate the remainder when (-2)/4*(-1 + y)*-16 is divided by 27.
21
Suppose 2*d + 2*d - 12 = 0, -v + 3*d + 19 = 0. What is the remainder when 33 is divided by ((-7)/(-35) - v/(-10)) + 15?
15
Let u be -2 - 3/((-12)/8). Let q(o) = o**3 + 3*o**2 + o + 4. Calculate the remainder when (3 - -3 - 3) + u is divided by q(-3).
0
Suppose -5*c - 2*b = -3663 + 35, -2*c + 1464 = 4*b. What is the remainder when c is divided by 9?
4
Suppose 5*w + u - 264 = 0, -4*w - 5*u = 4 - 232. What is the remainder when (-12)/(5 - w/8) is divided by 2?
0
Suppose 1 = -o - z, -2*o + 3 = -z - 7. Suppose 0 = -3*r + 7 + 8, -o*s + 73 = 2*r. What is the remainder when s is divided by 6?
3
Let j = 770 - 694. Calculate the remainder when 163 is divided by j.
11
Let u = -197 + 311. Calculate the remainder when u is divided by 4.
2
Suppose 4*t = 3*v - 217, t - 2*t = -4*v + 285. Calculate the remainder when v is divided by 41.
30
Let u = 192 - 171. What is the remainder when 180 is divided by u?
12
Let o(n) = n**2 - 4*n + 6. Let d be o(6). Let w(s) = -s**3 + 8*s**2 - 5*s - 4. What is the remainder when d + (-7 - -1)/3 is divided by w(7)?
6
Suppose -30*s + 29*s = -47. Let r = 54 + -18. Let u = r - 20. What is the remainder when s is divided by u?
15
Let k be (-4)/(4/(-2) + (-15)/(-8)). Let t = k + -29. What is the remainder when 11 is divided by t?
2
What is the remainder when 200 is divided by 40/28*168/20?
8
Let f(b) = -b**3 + 6*b**2 + 5*b + 15. Calculate the remainder when 9 is divided by f(7).
0
Suppose -1988 = -85*x + 2262. What is the remainder when 176 is divided by x?
26
Let o = -88 + 90. What is the remainder when 8 is divided by (9/(-6))/1*(o + -4)?
2
Let j = 1382 + -957. Calculate the remainder when j is divided by 61.
59
Let z be (909/(-15))/(1*3/(-15)). Suppose -12*n - z + 1767 = 0. What is the remainder when n is divided by 25?
22
Suppose -127 = -4*m + 89. What is the remainder when 916 is divided by m?
52
Suppose 0 = 20*c + 12*c - 2016. What is the remainder when c is divided by 26?
11
Let n = -36 + 46. Suppose -n*v + 61 = -149. Calculate the remainder when v is divided by 6.
3
Suppose 3*o - o - 10 = 0. Suppose o*v - 18 = -3. Suppose 15 = 3*n - 6*n, 38 = v*p - n. Calculate the remainder when 41 is divided by p.
8
Let o be (-2)/3 + (-6)/(-9). Suppose 0*r = -2*r + 8. Suppose -n + r + o = 0. Calculate the remainder when 11 is divided by n.
3
Let z be -1 - -113 - 0/8. Suppose z = 5*d + 2*l, 5*d + 4*l + l - 115 = 0. Calculate the remainder when 43 is divided by d.
21
Let h(m) = m**2 + 4*m - 8. Let i be h(-6). What is the remainder when 54/(-12) - -4 - (-522)/i is divided by 33?
31
Let p(c) = -2*c**3 + c**2 + c. Let k be p(-1). Suppose 2*z - 4*g + 0 = 24, -k = 2*g. Let f(o) = -5*o + 4. Calculate the remainder when f(-5) is divided by z.
9
Let t = -90 + 100. What is the remainder when 149 is divided by t?
9
Let k(z) = 4*z**2 - 11*z - 40. What is the remainder when k(-5) is divided by 33?
16
Let l be (5 - 4)*(0 - 2). Let a(t) = t**3 + 5*t**2 + 2*t - 2. What is the remainder when -1*(-13)/(26/36) + -3 is divided by a(l)?
3
What is the remainder when 4/(-10) + (-52)/20 - -106 is divided by 36?
31
Let l = 34 - 50. Let s be 25*(-1 - -3 - 1). Let h = l + s. Calculate the remainder when h is divided by 5.
4
Let c(l) = -l**2 + 31*l - 88. Suppose 10 = -5*k + j + 87, 2*k - 4*j - 20 = 0. What is the remainder when c(25) is divided by k?
14
Let w(k) = k**3 + k**2 - 22*k - 13. Calculate the remainder when 80 is divided by w(5).
26
Let g be ((-16)/(-10))/((-15)/75). Let w be -30*(g/(-12) + 0). What is the remainder when w/(-15)*21/2 is divided by 5?
4
Let x = 451 + -264. Calculate the remainder when x is divided by 9.
7
Let i(h) = -7 + 3*h - 5 + 4. Suppose -400*d + 405*d = 35. What is the remainder when 51 is divided by i(d)?
12
Let x = 759 + -737. Calculate the remainder when 49 is divided by x.
5
Let b(j) = 2*j**3 - 2*j**2 + 1. Let z be b(-2). Suppose -3*u + 136 = -5*p - 29, 4*p + 112 = 2*u. Let c = u + z. Calculate the remainder when c is divided by 14.
13
Calculate the remainder when 67 is divided by (-3 + (-20)/(-8))*-42.
4
Suppose 0 = -8*n + 24. Suppose n*k = -2*b + 32, -2*k + 3*k + 78 = 4*b. What is the remainder when 25 is divided by b?
6
Let l = 674 - 583. Calculate the remainder when l is divided by 32.
27
Suppose -3*c = 2*m - 43, -4*c + 6*m + 39 = 5*m. Calculate the remainder when 217 is divided by c.
8
Suppose 28 + 4 = 2*o. Let z(t) = 8*t**2 - 4*t + 1. Calculate the remainder when z(3) is divided by o.
13
Let d = 105 - 60. Suppose 5*n - 21 = 5*r - 66, 5*r + 4*n = d. Calculate the remainder when 44 is divided by r.
8
Let u be (4/10)/((-1)/(-5)). Suppose -3*r + 75 = -u*r. What is the remainder when r is divided by 504/27 + 1/3?
18
Calculate the remainder when (-1 + 0)/(8 + 14643/(-1830)) is divided by 18.
16
Suppose 3*j = 13*j - 200. Calculate the remainder when 58 is divided by j.
18
Let p(w) = 34*w + 518. Let g(s) = s**3 - 11*s**2 - 6*s - 13. Calculate the remainder when g(12) is divided by p(-15).
3
Suppose 8 = -2*i, 4*n - 3*i - 40 = -2*i. Let c = 4 + n. What is the remainder when c is divided by 5?
3
Let k(x) = -31*x + 821. What is the remainder when 733 is divided by k(25)?
43
Suppose 0 = c - 1, -2*f + 301 = -7*c + 2*c. What is the remainder when f is divided by 30?
3
What is the remainder when 12 is divided by 12 + 7/(21/(-18))?
0
Suppose 10*f - 8*f = -12. Let k be (-10)/(-30) + (-4)/f. Let h(g) = 10*g**3 - 2*g**2 + g. What is the remainder when h(k) is divided by 6?
3
Let m(u) = -2*u - 3. Let b be m(-4). Suppose b*o - 77 = 3. Calculate the remainder when 5 + -4 + 1 + 29 is divided by o.
15
Let u = -2 + -106. What is the remainder when 104 is divided by (6/(-18))/(2/u)?
14
Let u = -117 - -292. What is the remainder when u is divided by 16?
15
What is the remainder when 198 is divided by (125/30*-2)/((-3)/18)?
48
What is the remainder when 66 is divided by (-4)/3*(25 - 43)?
18
Let d = 1613 + -1050. What is the remainder when d is divided by 30?
23
Let r(z) = 25*z - 240. Calculate the remainder when r(14) is divided by 5.
0
Suppose 2*k - 7 = a, -6*k + 8*k = 3*a + 1. Suppose -4*o + 0*o + 74 = k*b, -64 = -4*b - 2*o. What is the remainder when b is divided by (-2)/7 - 102/(-14)?
4
Suppose 5*n + 2*x = -0*n + 26, 0 = -2*x - 4. Let u(c) = -4*c - 2. What is the remainder when u(-3) is divided by n?
4
Suppose -z + 4*w + 193 = 0, 5*w + 0*w = -2*z + 373. What is the remainder when z is divided by 24?
21
Suppose -9 = -2*g - g. Let a = 7 - -14. What is the remainder when a is divided by (2 - g)/2*-22?
10
Let g(k) = k**2 + 65*k + 564. Suppose 0 = q - 0*q - 10. Calculate the remainder when g(-10) is divided by q.
4
What is the remainder when 198 is divided by (-34*(7 - 6))/(0 - 1)?
28
Suppose 8*z + 952 = 16*z. What is the remainder when z is divided by 31?
26
Let m = -117 + 119. Calculate the remainder when 29 is divided by m.
1
Let d(z) = z**2 - 6*z - 33. Suppose -c - 25 = 5*y, -2*y + y = 4. Calculate the 